et w(f) = f**3 + 14*f**2 + 50*f + 292. Give w(-12).
-20
Let s(z) = 47*z**2 - 1348*z - 400. Give s(29).
35
Let z(b) = -29110*b - 1164387. Determine z(-40).
13
Let s(f) = -f**3 - 46*f**2 - 769*f - 29942. What is s(-44)?
22
Let s(w) = 12300*w + 1611315. Determine s(-131).
15
Let a(d) = 1217527*d + 35308286. Give a(-29).
3
Let y(l) = -l**3 + 154*l**2 + 3349*l - 495085. Give y(155).
-15
Let t(d) = 377*d + 1479. Determine t(-4).
-29
Let t(g) = -662*g - 3770. What is t(-6)?
202
Let r(a) = 1108*a + 17871. What is r(-16)?
143
Let w(m) = -186*m**2 + 5534*m + 1392. Give w(30).
12
Let t(p) = -10599*p - 826757. What is t(-78)?
-35
Let n(l) = -11*l**2 - 101*l - 105. Calculate n(0).
-105
Let j(s) = -1082*s + 3709. Give j(3).
463
Let z(s) = -292*s + 23538. Calculate z(82).
-406
Let j(o) = -o**2 + 853*o - 181027. What is j(396)?
-55
Let b(p) = p**2 - 15795*p + 94794. What is b(6)?
60
Let y(q) = -507*q - 33196. Calculate y(-65).
-241
Let t(q) = -41*q**2 - 707*q - 3443. Calculate t(-5).
-933
Let o(v) = 1665*v + 21865. Give o(-13).
220
Let c(y) = 44*y**3 - 26*y**2 + 75*y - 10. Determine c(5).
5215
Let b(d) = 5*d**2 - 5444*d + 14. Give b(0).
14
Let h(t) = 8*t**2 - 580*t + 7807. What is h(55)?
107
Let w(d) = -2*d**2 + 108*d + 55658. What is w(196)?
-6
Let w(g) = -390*g**2 - 7105*g + 22787. What is w(-21)?
2
Let k(i) = -21*i**2 - 1512*i + 3136. Calculate k(-74).
28
Let q(b) = -9*b**2 + 92*b - 2078. Calculate q(20).
-3838
Let p(o) = -7*o**3 + 31*o**2 - 62*o + 26. Give p(4).
-174
Let l(q) = q**2 + 356*q - 143349. Calculate l(240).
-309
Let m(r) = 194*r - 10151. Give m(53).
131
Let r(y) = 4*y**2 + 2013*y + 7937. Determine r(-4).
-51
Let y(l) = l**3 + 11*l**2 - 238*l + 34. Give y(-22).
-54
Let u(f) = -f**3 - 46*f**2 + 1314*f + 30. Give u(20).
-90
Let w(r) = -r**2 + 854*r - 6961. Determine w(8).
-193
Let d(t) = t**2 - 49*t + 180. Determine d(24).
-420
Let c(w) = -3279*w - 39258. Determine c(-12).
90
Let m(k) = -6*k**3 + 50*k**2 - 190*k + 158. Calculate m(7).
-780
Let b(j) = -10*j**2 + 988*j - 18757. Calculate b(26).
171
Let w(u) = 25722*u - 205593. Give w(8).
183
Let y(i) = 4*i**3 + 266*i**2 + 135*i - 70. Give y(-66).
-268
Let a(z) = 4*z**2 + 1060*z + 15014. Calculate a(-15).
14
Let q(m) = -2*m**3 + 464*m**2 - 551*m + 20573. Calculate q(231).
14
Let w(s) = -901*s - 426063. Determine w(-473).
110
Let b(h) = 2*h**3 + 73*h**2 - 3274*h + 241. Give b(26).
-383
Let r(o) = 5619358*o + 5619347. Give r(-1).
-11
Let z(k) = 18*k**2 - 36*k - 927. What is z(7)?
-297
Let v(p) = -p**2 + 2853*p + 201591. Calculate v(-69).
-27
Let r(a) = 123*a + 6138. What is r(-66)?
-1980
Let j(t) = 54792*t + 164055. What is j(-3)?
-321
Let k(a) = 5585*a + 195470. Determine k(-35).
-5
Let k(b) = -21*b**2 - 2682*b - 45058. Calculate k(-20).
182
Let j(d) = 2*d**3 + 26*d**2 - 80*d + 40. Determine j(2).
0
Let n(i) = -21*i**2 + 199*i + 147. Calculate n(11).
-205
Let u(m) = -1053*m + 49486. Determine u(47).
-5
Let s(c) = -5*c**2 + 194*c - 1323. Determine s(8).
-91
Let l(i) = 2191*i - 31559. Determine l(14).
-885
Let u(f) = -f**2 + 163*f - 1486. What is u(152)?
186
Let o(c) = -630*c**2 - 55442*c - 190. Determine o(-88).
-14
Let b(v) = -v**3 - 2*v**2 + 1030*v + 260. Calculate b(0).
260
Let s(b) = -10*b**3 + 13*b**2 + 91*b + 117. Calculate s(-5).
1237
Let w(g) = 192*g**2 - 3855*g + 145. Determine w(20).
-155
Let d(m) = -856*m - 2307. Calculate d(-3).
261
Let h(l) = -2938*l**2 + 29594*l - 2157. Determine h(10).
-17
Let w(d) = 25*d**2 + 1465*d + 8. Determine w(0).
8
Let i(g) = -12*g**2 + 45*g + 356. Give i(14).
-1366
Let j(y) = 30*y**3 + 2429*y**2 - 73*y + 561. Calculate j(-81).
-87
Let t(f) = 6*f**2 + 976*f - 14868. Determine t(14).
-28
Let n(v) = 510*v - 2101. Calculate n(4).
-61
Let y(m) = m**2 + 159*m + 6323. Determine y(-86).
45
Let x(s) = -6*s**2 - 235*s + 4011. What is x(-52)?
7
Let i(x) = x**3 - 119*x**2 + 1170*x - 8724. Give i(109).
-4
Let c(g) = 6*g**3 + 2*g**2 + 47*g + 169. Give c(-4).
-371
Let q(d) = -d**2 - 1234774*d + 20991432. Determine q(17).
-15
Let y(c) = -77*c**2 - 256*c - 1020. What is y(-4)?
-1228
Let i(g) = -13*g**2 + 1461*g - 22318. What is i(94)?
148
Let z(q) = 37508*q - 412631. What is z(11)?
-43
Let y(a) = -24120*a - 1688399. What is y(-70)?
1
Let i(l) = -860*l - 105916. Calculate i(-123).
-136
Let d(t) = 3*t**3 - 634*t**2 - 5939*t + 87. Determine d(-9).
-3
Let b(y) = 2*y**3 - 29*y**2 + 2105*y - 31802. What is b(15)?
-2
Let k(i) = 1087029*i - 17392454. Calculate k(16).
10
Let o(h) = -2*h**3 - 4*h**2 - 20150*h - 80577. What is o(-4)?
87
Let q(p) = 1434*p - 33918. What is q(25)?
1932
Let s(v) = -3*v**2 - 48*v - 95. Calculate s(-9).
94
Let n(x) = -2535*x + 111752. Determine n(44).
212
Let w(p) = -7*p**3 - 55*p**2 - 41*p - 573. What is w(-10)?
1337
Let j(g) = -2*g**2 + 18172*g + 36344. Give j(-2).
-8
Let s(x) = 8*x**2 + 2872*x - 26518. What is s(9)?
-22
Let o(m) = -51*m - 1252. Give o(14).
-1966
Let a(n) = -n**3 + 51*n**2 - 84*n + 386. What is a(49)?
1072
Let c(z) = 563*z + 1014. Determine c(-1).
451
Let f(z) = 529*z - 1062. What is f(2)?
-4
Let j(y) = y**2 + 94095*y - 1035194. Give j(11).
-28
Let l(a) = 9*a**2 + 358*a - 578. Calculate l(0).
-578
Let o(f) = -2*f**3 - 332*f**2 + 39*f + 6004. Calculate o(-166).
-470
Let l(f) = f**2 + 899*f + 109315. What is l(-145)?
-15
Let n(y) = 1874*y + 174288. What is n(-93)?
6
Let x(n) = 2*n**2 - 74*n - 1199. Calculate x(-16).
497
Let m(v) = 6*v**2 - 1294*v + 66048. Give m(83).
-20
Let b(y) = 190*y - 14912. What is b(81)?
478
Let i(b) = -1371*b - 59058. What is i(-44)?
1266
Let y(l) = -252*l - 8301. Calculate y(-27).
-1497
Let n(p) = p**2 + 351*p + 18920. Calculate n(-285).
110
Let h(a) = 111232*a + 1112322. What is h(-10)?
2
Let l(g) = -42256*g - 41628. Calculate l(-1).
628
Let o(f) = -f**2 + 25*f + 93811. What is o(319)?
25
Let j(w) = -14*w**2 + 4189*w + 83661. What is j(318)?
27
Let x(d) = -5709*d + 34233. What is x(6)?
-21
Let c(p) = -5*p**3 + 2*p**2 + 23*p - 57. What is c(2)?
-43
Let p(q) = 76821*q + 14288720. Calculate p(-186).
14
Let z(s) = -s**2 - 722*s + 3662. Determine z(5).
27
Let f(i) = -778*i - 817. Calculate f(-1).
-39
Let f(m) = -304962*m + 2134759. What is f(7)?
25
Let i(d) = -d**3 + 96*d**2 - 1415*d - 314. Determine i(78).
-1172
Let r(k) = k**2 + 1641*k + 504737. What is r(-410)?
27
Let k(w) = -25*w**2 - 2543*w + 12731. Calculate k(5).
-609
Let m(y) = -1178*y + 4839. What is m(4)?
127
Let m(b) = -2*b**3 - 32*b**2 + 28*b + 84. Determine m(-16).
-364
Let s(r) = 1155*r**2 - 6934*r - 83. What is s(6)?
-107
Let n(m) = 2*m**2 + 14234*m + 127985. Determine n(-9).
41
Let z(m) = -283*m - 6691. Give z(-21).
-748
Let m(w) = w**2 + 6351*w - 25404. Calculate m(4).
16
Let d(w) = -w**3 - 12*w**2 - 15*w + 31. Calculate d(-10).
-19
Let s(o) = 2*o**2 - 5250*o + 538879. What is s(107)?
27
Let t(q) = -2*q**2 - 10*q + 774. Calculate t(-18).
306
Let z(o) = -263145*o - 29998534. Give z(-114).
-4
Let y(m) = -3*m**2 - 976*m - 9499. What is y(-315)?
266
Let n(m) = 1448*m - 49915. Calculate n(34).
-683
Let p(m) = -3*m**2 - 784*m + 6230. Calculate p(-269).
43
Let n(b) = 908*b + 214285. What is n(-236)?
-3
Let m(a) = 4010*a + 332833. Give m(-83).
3
Let c(m) = 66884*m - 2809005. Give c(42).
123
Let g(s) = 3434*s + 27456. Determine g(-8).
-16
Let y(d) = -d**2 - 9323*d + 5004493. Determine y(509).
5
Let f(v) = 4867*v + 18988. Determine f(-4).
-480
Let a(j) = -2*j**2 + 983*j + 36293. Determine a(526).
-1
Let d(x) = -29*x**2 - 8000*x + 32467. What is d(4)?
3
Let r(t) = 2*t**3 + 93*t**2 - 497*t + 84. Calculate r(-52).
-3816
Let p(y) = 101722*y + 28583870. Calculate p(-281).
-12
Let k(c) = 81*c**2 - 3225*c - 51. What is k(40)?
549
Let g(o) = -117188*o - 9609422. Give g(-82).
-6
Let q(o) = 16286*o + 113998. Calculate q(-7).
-4
Let n(g) = 2*g**3 + 218*g**2 - 264*g - 4977. Calculate n(-110).
-137
Let n(i) = 97*i + 654. Determine n(4).
1042
Let f(h) = -17534*h + 876712. Calculate f(50).
12
Let l(u) = 225585*u - 451171. Calculate l(2).
-1
Let l(s) = -2*s**3 + s**2 - 792*s - 1610. Give l(-2).
-6
Let m(f) = 11*f**3 - 74*f**2 - 5*f - 18. Determine m(6).
-336
Let c(u) = u**3 - 4*u**2 + 464*u - 3570. Calculate c(9).
1011
Let j(h) = 756*h**3 - 3*h**2 - 3*h - 2. What is j(-2)?
-6056
Let k(h) = 6*h**2 - 1220*h - 19664. What is k(-15)?
-14
Let i(w) = 47*w**2 - 529*w - 8205. Calculate